{"id":22,"date":"2014-05-30T15:49:31","date_gmt":"2014-05-30T15:49:31","guid":{"rendered":"http:\/\/casapro.ca\/?page_id=22"},"modified":"2023-05-16T16:20:18","modified_gmt":"2023-05-16T16:20:18","slug":"services-offerts","status":"publish","type":"page","link":"https:\/\/casapro.ca\/?page_id=22","title":{"rendered":"Services offerts aux entreprises"},"content":{"rendered":"\n<figure class=\"wp-block-image size-large is-style-rounded\"><img alt=\"\"\/><\/figure>\n\n\n<p><span style=\"color: #333333;\"><em>CASAPRO<\/em> offre des services sur mesure en conditionnement physique en entreprise (en pr\u00e9sentiel et\/ou en virtuel), pour aider celle-ci \u00e0 diminuer le taux d&rsquo;absent\u00e9isme au travail, \u00e0 r\u00e9duire le nombre de d\u00e9parts en cong\u00e9 de maladie, \u00e0 pr\u00e9venir les blessures et accidents au travail et \u00e0 aider \u00e0 la r\u00e9tention des employ\u00e9s. Ces derniers b\u00e9n\u00e9ficieront de leur c\u00f4t\u00e9 d&rsquo;une meilleure gestion du stress, seront plus productifs et augmenteront leur sant\u00e9 globale.<\/span><\/p>\n<p>\u00a0<\/p>\n<ul>\n<li>\n<p><span style=\"color: #333333;\">Les services sont offerts par des entra\u00eeneurs\/kin\u00e9siologues certifi\u00e9s, dynamiques et attentionn\u00e9s.<\/span><\/p>\n<\/li>\n<li>\n<p><span style=\"color: #333333;\">Une rencontre pour d\u00e9terminer les besoins est souhaitable et ce, sans frais.<\/span><\/p>\n<\/li>\n<\/ul>\n<h4><span style=\"color: #ed7936;\"><strong><img loading=\"lazy\" class=\"wp-image-146 size-medium aligncenter\" src=\"http:\/\/casapro.ca\/wp-content\/uploads\/2020\/11\/AdobeStock_94653882-300x199.jpeg\" alt=\"\" width=\"300\" height=\"199\" srcset=\"https:\/\/casapro.ca\/wp-content\/uploads\/2020\/11\/AdobeStock_94653882-300x199.jpeg 300w, https:\/\/casapro.ca\/wp-content\/uploads\/2020\/11\/AdobeStock_94653882-1024x680.jpeg 1024w, https:\/\/casapro.ca\/wp-content\/uploads\/2020\/11\/AdobeStock_94653882-768x510.jpeg 768w, https:\/\/casapro.ca\/wp-content\/uploads\/2020\/11\/AdobeStock_94653882-1536x1020.jpeg 1536w, https:\/\/casapro.ca\/wp-content\/uploads\/2020\/11\/AdobeStock_94653882-2048x1360.jpeg 2048w, https:\/\/casapro.ca\/wp-content\/uploads\/2020\/11\/AdobeStock_94653882-220x146.jpeg 220w\" sizes=\"(max-width: 300px) 100vw, 300px\" \/><\/strong><\/span><\/h4>\n<h3>\u00a0<\/h3>\n<h3><span style=\"color: #ff6600;\"><strong>COURS DE GROUPES (pr\u00e9sentiel et\/ou virtuel)<\/strong><\/span><\/h3>\n<ul>\n<li>\n<p><span style=\"color: #333333;\">Offerts avant, pendant ou suite au travail<\/span><\/p>\n<\/li>\n<li>\n<p><span style=\"color: #333333;\">\u00c9labor\u00e9s selon les besoins et contraintes des employ\u00e9(e)s<\/span><\/p>\n<\/li>\n<li>\n<p><span style=\"color: #333333;\">Programme de mise en forme ou maintien<\/span><\/p>\n<\/li>\n<li>\n<p><span style=\"color: #333333;\">Entra\u00eenements favorisant la perte de poids, le maintien de la musculature, l\u2019am\u00e9lioration de la capacit\u00e9 cardiovasculaire, de la posture et la gestion du stress<\/span><\/p>\n<\/li>\n<li>\n<p><span style=\"color: #333333;\">Adapt\u00e9s aux conditions sp\u00e9cifiques (grossesse, blessure, chirurgie, maladie, \u00e2ge, environnement de travail)<\/span><\/p>\n<\/li>\n<li>\n<p><span style=\"color: #333333;\">Donn\u00e9s dans des espaces \u00e0 grande surface ou plus restreintes (salle de r\u00e9union, caf\u00e9t\u00e9ria, bureau ou \u00e0 la maison en virtuel)<\/span><\/p>\n<\/li>\n<li>\n<p><span style=\"color: #333333;\">Dur\u00e9e de 45 ou 60 minutes, selon la demande<\/span><\/p>\n<\/li>\n<li>\n<p><span style=\"color: #333333;\">Sessions d\u2019\u00e9chauffements\/\u00e9tirements en d\u00e9but de quart de travail (employ\u00e9(e)s de production) \u2013 15 minutes \u2013 1 x\/jour<\/span><\/p>\n<\/li>\n<li>\n<p><span style=\"color: #333333;\">Tous les cours de groupes comprennent une p\u00e9riode d\u2019\u00e9chauffement au d\u00e9but et une p\u00e9riode d\u2019\u00e9tirement\/relaxation \u00e0 la toute fin.<\/span><\/p>\n<\/li>\n<\/ul>\n<p><img loading=\"lazy\" class=\"aligncenter wp-image-143\" src=\"http:\/\/casapro.ca\/wp-content\/uploads\/2020\/11\/AdobeStock_223968520-300x200.jpeg\" alt=\"\" width=\"326\" height=\"217\" srcset=\"https:\/\/casapro.ca\/wp-content\/uploads\/2020\/11\/AdobeStock_223968520-300x200.jpeg 300w, https:\/\/casapro.ca\/wp-content\/uploads\/2020\/11\/AdobeStock_223968520-1024x683.jpeg 1024w, https:\/\/casapro.ca\/wp-content\/uploads\/2020\/11\/AdobeStock_223968520-768x512.jpeg 768w, https:\/\/casapro.ca\/wp-content\/uploads\/2020\/11\/AdobeStock_223968520-1536x1024.jpeg 1536w, https:\/\/casapro.ca\/wp-content\/uploads\/2020\/11\/AdobeStock_223968520-2048x1365.jpeg 2048w, https:\/\/casapro.ca\/wp-content\/uploads\/2020\/11\/AdobeStock_223968520-220x147.jpeg 220w\" sizes=\"(max-width: 326px) 100vw, 326px\" \/><\/p>\n<h3>\u00a0<\/h3>\n<h3 style=\"text-align: left;\"><span style=\"color: #ff6600;\"><strong>FORMATIONS &amp; CONF\u00c9RENCES<\/strong><\/span><\/h3>\n<ul>\n<li>\n<p><span style=\"color: #333333;\">Ateliers sur la mise en forme et l\u2019importance de pratiquer une activit\u00e9 physique tant pour le mental, le physique, le rendement au travail que pour la gestion du stress<\/span><\/p>\n<\/li>\n<li>\n<p><span style=\"color: #333333;\">Coaching sur exercices \u00e0 pratiquer pour augmenter la souplesse et le rel\u00e2chement musculaire au poste de travail (avec support vid\u00e9o si n\u00e9cessaire)<\/span><\/p>\n<\/li>\n<\/ul>\n<p><img loading=\"lazy\" class=\"wp-image-147 aligncenter\" src=\"http:\/\/casapro.ca\/wp-content\/uploads\/2020\/11\/AdobeStock_208931434-300x200.jpeg\" alt=\"\" width=\"294\" height=\"196\" srcset=\"https:\/\/casapro.ca\/wp-content\/uploads\/2020\/11\/AdobeStock_208931434-300x200.jpeg 300w, https:\/\/casapro.ca\/wp-content\/uploads\/2020\/11\/AdobeStock_208931434-1024x683.jpeg 1024w, https:\/\/casapro.ca\/wp-content\/uploads\/2020\/11\/AdobeStock_208931434-768x512.jpeg 768w, https:\/\/casapro.ca\/wp-content\/uploads\/2020\/11\/AdobeStock_208931434-1536x1024.jpeg 1536w, https:\/\/casapro.ca\/wp-content\/uploads\/2020\/11\/AdobeStock_208931434-2048x1365.jpeg 2048w, https:\/\/casapro.ca\/wp-content\/uploads\/2020\/11\/AdobeStock_208931434-220x147.jpeg 220w\" sizes=\"(max-width: 294px) 100vw, 294px\" \/><\/p>\n<h3>\u00a0<\/h3>\n<h3 style=\"text-align: left;\"><span style=\"color: #ff6600;\"><strong>CONSULTATIONS &amp; GESTION<\/strong><\/span><\/h3>\n<ul>\n<li>\n<p><span style=\"color: #333333;\">Consultation en am\u00e9nagement de salle d&rsquo;entra\u00eenement selon les besoins sp\u00e9cifiques<\/span><\/p>\n<\/li>\n<li>\n<p><span style=\"color: #333333;\">Gestion de la salle (entra\u00eeneurs, cours, \u00e9quipement, locaux)<\/span><\/p>\n<\/li>\n<\/ul>\n\n\n<p><\/p>\n","protected":false},"excerpt":{"rendered":"<p>CASAPRO offre des services sur mesure en conditionnement physique en entreprise (en pr\u00e9sentiel et\/ou en virtuel), pour aider celle-ci \u00e0 diminuer le<\/p>\n<p class=\"link-more\"><a class=\"myButt \" href=\"https:\/\/casapro.ca\/?page_id=22\">Read More<\/a><\/p>\n","protected":false},"author":1,"featured_media":0,"parent":0,"menu_order":0,"comment_status":"closed","ping_status":"closed","template":"page-full-width.php","meta":[],"_links":{"self":[{"href":"https:\/\/casapro.ca\/index.php?rest_route=\/wp\/v2\/pages\/22"}],"collection":[{"href":"https:\/\/casapro.ca\/index.php?rest_route=\/wp\/v2\/pages"}],"about":[{"href":"https:\/\/casapro.ca\/index.php?rest_route=\/wp\/v2\/types\/page"}],"author":[{"embeddable":true,"href":"https:\/\/casapro.ca\/index.php?rest_route=\/wp\/v2\/users\/1"}],"replies":[{"embeddable":true,"href":"https:\/\/casapro.ca\/index.php?rest_route=%2Fwp%2Fv2%2Fcomments&post=22"}],"version-history":[{"count":36,"href":"https:\/\/casapro.ca\/index.php?rest_route=\/wp\/v2\/pages\/22\/revisions"}],"predecessor-version":[{"id":443,"href":"https:\/\/casapro.ca\/index.php?rest_route=\/wp\/v2\/pages\/22\/revisions\/443"}],"wp:attachment":[{"href":"https:\/\/casapro.ca\/index.php?rest_route=%2Fwp%2Fv2%2Fmedia&parent=22"}],"curies":[{"name":"wp","href":"https:\/\/api.w.org\/{rel}","templated":true}]}}